{"id":309,"date":"2020-11-18T04:51:04","date_gmt":"2020-11-18T04:51:04","guid":{"rendered":"https:\/\/wordpress-1406636-5228436.cloudwaysapps.com\/posterity\/"},"modified":"2025-03-25T12:01:33","modified_gmt":"2025-03-25T12:01:33","slug":"home","status":"publish","type":"page","link":"https:\/\/eisberg-romania.ro\/","title":{"rendered":"Home"},"content":{"rendered":"<h2>\nAgricultura ecologic\u0103 este<\/h2>\n<h1>\nViitorul<\/h1>\n<p>\t\t\t\t\t\t\t\t\t\t\t\t\t\t\t<img decoding=\"async\" src=\"https:\/\/eisberg-romania.ro\/wp-content\/uploads\/elementor\/thumbs\/carrot-2743498_640-oykyjrb8pfzy2rtudgt3koqwf3by5ev0k45pm9cgqg-r3dlr2d6ick1v6h5qzg3vc852ydw1wcj55e9skiups.jpg\" title=\"carrot-2743498_640-oykyjrb8pfzy2rtudgt3koqwf3by5ev0k45pm9cgqg\" alt=\"carrot-2743498_640-oykyjrb8pfzy2rtudgt3koqwf3by5ev0k45pm9cgqg\" loading=\"lazy\" \/><br \/>\n\t\t\t\t\t\t\t\t\t\t\t\t\t\t\t<img decoding=\"async\" src=\"https:\/\/eisberg-romania.ro\/wp-content\/uploads\/elementor\/thumbs\/zoe-schaeffer-OWqoXTMbYyo-unsplash-scaled-oykykxlwta2oqztsoveck1vy8agt9y11qstpzs880w-r3dlr2d42n0w0y6jxdr58i1g5tb8k1un60pfny8000.jpg\" title=\"zoe-schaeffer-OWqoXTMbYyo-unsplash-scaled-oykykxlwta2oqztsoveck1vy8agt9y11qstpzs880w\" alt=\"zoe-schaeffer-OWqoXTMbYyo-unsplash-scaled-oykykxlwta2oqztsoveck1vy8agt9y11qstpzs880w\" loading=\"lazy\" \/>\t\t\t\t\t\t\t\t\t\t\t\t\t\t\t<\/p>\n<h2>\nDE CE ALEGE ORGANIC?<\/h2>\n<h2>\nSuntem posteritatea <br \/>\nfacem viitor!<\/h2>\n<p>Modul \u00een care alimentele tale sunt cultivate sau crescute poate avea un impact major asupra s\u0103n\u0103t\u0103\u021bii tale mentale \u0219i emo\u021bionale, precum \u0219i asupra mediului.<br \/>\n\t\t\t\t<svg aria-hidden=\"true\" viewBox=\"0 0 512 512\" xmlns=\"http:\/\/www.w3.org\/2000\/svg\"><path d=\"M173.898 439.404l-166.4-166.4c-9.997-9.997-9.997-26.206 0-36.204l36.203-36.204c9.997-9.998 26.207-9.998 36.204 0L192 312.69 432.095 72.596c9.997-9.997 26.207-9.997 36.204 0l36.203 36.204c9.997 9.997 9.997 26.206 0 36.204l-294.4 294.401c-9.998 9.997-26.207 9.997-36.204-.001z\"><\/path><\/svg><br \/>\n\t\t\t\t\t\t\t POLUARE\t\t\t\t\t\t<\/p>\n<p>\nPracticile de agricultur\u0103 ecologic\u0103 pot reduce poluarea\t\t\t\t\t<\/p>\n<p>\t\t\t\t<svg aria-hidden=\"true\" viewBox=\"0 0 512 512\" xmlns=\"http:\/\/www.w3.org\/2000\/svg\"><path d=\"M173.898 439.404l-166.4-166.4c-9.997-9.997-9.997-26.206 0-36.204l36.203-36.204c9.997-9.998 26.207-9.998 36.204 0L192 312.69 432.095 72.596c9.997-9.997 26.207-9.997 36.204 0l36.203 36.204c9.997 9.997 9.997 26.206 0 36.204l-294.4 294.401c-9.998 9.997-26.207 9.997-36.204-.001z\"><\/path><\/svg><br \/>\n\t\t\t\t\t\t\t F\u0102R\u0102 PESTICID\t\t\t\t\t\t<\/p>\n<p>\nmai pu\u021bine pesticide, mai pu\u021bine reziduuri pe alimentele pe care le consum\u0103m.\t\t\t\t\t<\/p>\n<p>\t\t\t\t<svg aria-hidden=\"true\" viewBox=\"0 0 512 512\" xmlns=\"http:\/\/www.w3.org\/2000\/svg\"><path d=\"M173.898 439.404l-166.4-166.4c-9.997-9.997-9.997-26.206 0-36.204l36.203-36.204c9.997-9.998 26.207-9.998 36.204 0L192 312.69 432.095 72.596c9.997-9.997 26.207-9.997 36.204 0l36.203 36.204c9.997 9.997 9.997 26.206 0 36.204l-294.4 294.401c-9.998 9.997-26.207 9.997-36.204-.001z\"><\/path><\/svg><br \/>\n\t\t\t\t\t\t\t CULTURI PROSPIT\t\t\t\t\t\t<\/p>\n<p>\ndeoarece nu con\u021bine conservan\u021bi care \u00eel fac s\u0103 dureze mai mult.\t\t\t\t\t<\/p>\n<p>\t\t\t\t<svg aria-hidden=\"true\" viewBox=\"0 0 512 512\" xmlns=\"http:\/\/www.w3.org\/2000\/svg\"><path d=\"M173.898 439.404l-166.4-166.4c-9.997-9.997-9.997-26.206 0-36.204l36.203-36.204c9.997-9.998 26.207-9.998 36.204 0L192 312.69 432.095 72.596c9.997-9.997 26.207-9.997 36.204 0l36.203 36.204c9.997 9.997 9.997 26.206 0 36.204l-294.4 294.401c-9.998 9.997-26.207 9.997-36.204-.001z\"><\/path><\/svg><br \/>\n\t\t\t\t\t\t\t MAI S\u0102N\u0102TOS\t\t\t\t\t\t<\/p>\n<p>\nCarnea \u0219i laptele organic pot fi mai bogate \u00een anumi\u021bi nutrien\u021bi\t\t\t\t\t<\/p>\n<p>\t\t\t\t\t<a href=\"\/blog\"><br \/>\n\t\t\t\t\t\t\t\t\t Citeste mai mult<br \/>\n\t\t\t\t\t<\/a><\/p>\n<h2>\n\u0218TIRI<\/h2>\n<h2>\nULTIMELE POST\u0102RI<\/h2>\n<p>Noi progrese \u0219i descoperiri \u00een agricultura ecologic\u0103. Vino Verific\u0103-l!<br \/>\n\t\t\t\t\t<a href=\"\/blog\"><br \/>\n\t\t\t\t\t\t\t\t\t A vedea tot<br \/>\n\t\t\t\t\t<\/a><br \/>\n\t\t\t\t\t\t\t\t\t\t\t\t\t\t\t<img loading=\"lazy\" decoding=\"async\" width=\"640\" height=\"427\" src=\"https:\/\/eisberg-romania.ro\/wp-content\/uploads\/2020\/11\/cherries-839864_1920-1024x683.jpg\" alt=\"\" srcset=\"https:\/\/eisberg-romania.ro\/wp-content\/uploads\/2020\/11\/cherries-839864_1920-1024x683.jpg 1024w, https:\/\/eisberg-romania.ro\/wp-content\/uploads\/2020\/11\/cherries-839864_1920-300x200.jpg 300w, https:\/\/eisberg-romania.ro\/wp-content\/uploads\/2020\/11\/cherries-839864_1920-768x512.jpg 768w, https:\/\/eisberg-romania.ro\/wp-content\/uploads\/2020\/11\/cherries-839864_1920-1536x1024.jpg 1536w, https:\/\/eisberg-romania.ro\/wp-content\/uploads\/2020\/11\/cherries-839864_1920.jpg 1920w\" sizes=\"auto, (max-width: 640px) 100vw, 640px\" \/><br \/>\n\t\t\t\t\t\t\t\t\t\t\t\t\t\t\t<img loading=\"lazy\" decoding=\"async\" width=\"640\" height=\"427\" src=\"https:\/\/eisberg-romania.ro\/wp-content\/uploads\/2020\/11\/greenhouse-2139527_1920-1024x683.jpg\" alt=\"\" srcset=\"https:\/\/eisberg-romania.ro\/wp-content\/uploads\/2020\/11\/greenhouse-2139527_1920-1024x683.jpg 1024w, https:\/\/eisberg-romania.ro\/wp-content\/uploads\/2020\/11\/greenhouse-2139527_1920-300x200.jpg 300w, https:\/\/eisberg-romania.ro\/wp-content\/uploads\/2020\/11\/greenhouse-2139527_1920-768x512.jpg 768w, https:\/\/eisberg-romania.ro\/wp-content\/uploads\/2020\/11\/greenhouse-2139527_1920-1536x1024.jpg 1536w, https:\/\/eisberg-romania.ro\/wp-content\/uploads\/2020\/11\/greenhouse-2139527_1920.jpg 1920w\" sizes=\"auto, (max-width: 640px) 100vw, 640px\" \/><br \/>\n\t\t\t\t\t\t\t\t\t\t\t\t\t\t\t<img loading=\"lazy\" decoding=\"async\" width=\"640\" height=\"427\" src=\"https:\/\/eisberg-romania.ro\/wp-content\/uploads\/2020\/11\/conservatory-1782437_1920-1024x683.jpg\" alt=\"\" srcset=\"https:\/\/eisberg-romania.ro\/wp-content\/uploads\/2020\/11\/conservatory-1782437_1920-1024x683.jpg 1024w, https:\/\/eisberg-romania.ro\/wp-content\/uploads\/2020\/11\/conservatory-1782437_1920-300x200.jpg 300w, https:\/\/eisberg-romania.ro\/wp-content\/uploads\/2020\/11\/conservatory-1782437_1920-768x512.jpg 768w, https:\/\/eisberg-romania.ro\/wp-content\/uploads\/2020\/11\/conservatory-1782437_1920-1536x1024.jpg 1536w, https:\/\/eisberg-romania.ro\/wp-content\/uploads\/2020\/11\/conservatory-1782437_1920.jpg 1920w\" sizes=\"auto, (max-width: 640px) 100vw, 640px\" \/>\t\t\t\t\t\t\t\t\t\t\t\t\t\t\t<\/p>\n<h3><a href=\"\/are-organic-ceai-de-garantare-aroma\/\">Are organic ceai de garantare aroma?<\/a><\/h3>\n<p>Produc\u021bia ecologic\u0103 este omniprezent\u0103 \u00een prezent pe pie\u021bele noastre. Fie este vorba pentru alimente ecologice sau b\u0103uturi organice,<\/p>\n<h3><a href=\"\/gradinarit-si-agricultura-calea-biodinamica\/\">Gr\u0103din\u0103rit \u0219i agricultura calea biodinamic\u0103<\/a><\/h3>\n<p>Atunci c\u00e2nd a prezentat cu ideea c\u0103 gr\u0103din\u0103rit biodinamic \u0219i agricultura este un forum excep\u021bional, cu metode avansate, un om de  \u2026<\/p>\n<h3><a href=\"\/gradinarit-gradinarit-organice\/\">Gr\u0103din\u0103rit: Gr\u0103din\u0103rit organice<\/a><\/h3>\n<p>Gr\u0103din\u0103rit organice este exact la fel ca gr\u0103din\u0103rit regulate, cu excep\u021bia faptului c\u0103 nu \u00eengr\u0103\u0219\u0103minte sintetice sau pesticide sunt utilizate.<\/p>\n<p>\t\t\t\t\t\t\t\t\t\t\t\t\t\t\t<img decoding=\"async\" src=\"https:\/\/eisberg-romania.ro\/wp-content\/uploads\/elementor\/thumbs\/markus-spiske-K-iJz15pfww-unsplash-scaled-1-r3dlvfc9fjci98zgdfiw414i3c07yvtshhx7dda2r4.jpg\" title=\"markus-spiske-K-iJz15pfww-unsplash\" alt=\"markus-spiske-K-iJz15pfww-unsplash\" loading=\"lazy\" \/>\t\t\t\t\t\t\t\t\t\t\t\t\t\t\t<\/p>\n<h2>\nDespre agricultura ecologic\u0103<\/h2>\n<h2>Ce trebuie<br \/> sa stii<\/h2>\n<p>Expresia \u201enatural\u201d face aluzie la modul \u00een care sunt dezvoltate \u0219i preg\u0103tite elementele agricole. \u00cen timp ce liniile directoare se schimb\u0103 de la na\u021biune la na\u021biune, \u00een SUA, recoltele naturale trebuie s\u0103 devin\u0103, trebuie s\u0103 fie dezvoltate f\u0103r\u0103 utilizarea erbicidelor, pesticidelor \u0219i composturilor prelucrate sau a calit\u0103\u021bilor bioinginerice (OMG).<\/p>\n<p>Animalele naturale crescute pentru carne, ou\u0103 \u0219i produse lactate trebuie crescute \u00een medii de zi cu zi, oblig\u00e2ndu-\u0219i practicile obi\u0219nuite, (de exemplu, capacitatea de a peria pe c\u00e2mp) \u0219i au grij\u0103 de hrana natural\u0103 \u0219i de m\u00e2ncare. Este posibil s\u0103 nu li se administreze agen\u021bi anti-infec\u021bie, hormoni de dezvoltare sau efecte secundare ale creaturilor.\u00a0<\/p>\n<h1 style=\"text-align: center;\">G\u0103si\u021bi cele mai bune oferte \u0219i pre\u021buri la hoteluri vegane<\/h1>\n<p>Juc\u0103torii vegani merg la evenimente din Las Vegas cu tem\u0103 vegan\u0103. Exist\u0103 o mul\u021bime de astfel de evenimente care pot fi g\u0103site online sau la aeroportul local din Las Vegas. Un astfel de eveniment din Las Vegas este un hotel cu tematic\u0103 vegetarian\u0103 la aeroport. De ce \u00eentreba\u021bi? Ei bine, \u00een afar\u0103 de faptul c\u0103 sunt vegani (ceea ce este un fel de punct), veganii sunt, de asemenea, destul de con\u0219tien\u021bi de mediu \u0219i un hotel din Las Vegas este un mod \u00een care pot ajuta \u00een acest domeniu.<\/p>\n<p>Dup\u0103 cum sa men\u021bionat deja, veganii sunt un fel de con\u0219tientizare ecologic\u0103, deci ce modalitate mai bun\u0103 de a ajuta dec\u00e2t cu hotelurile? C\u00e2nd te g\u00e2nde\u0219ti la asta, nu numai c\u0103 ajut\u0103 mediul \u00eenconjur\u0103tor, ci \u00ee\u0219i ajut\u0103 \u0219i colegii vegani prin ob\u021binerea unui hotel. Nu mul\u021bi oameni vor face un eveniment ca un hotel pe un aeroport din Vegas, dar pute\u021bi! Este un mod distractiv de a ar\u0103ta sprijin pentru comunitatea vegan\u0103.<\/p>\n<p>Deci, cum g\u0103se\u0219ti hoteluri vegane la aeroport \u00een Las Vegas \u0219i s\u0103 te joci la cazinourile winbet? Cel mai bun mod de a g\u0103si unul este s\u0103 c\u0103uta\u021bi online <a href=\"https:\/\/casino7.ro\/\">casino7.ro<\/a>. Exist\u0103 o serie de site-uri online care ofer\u0103 astfel de servicii. Tot ce trebuie s\u0103 face\u021bi este s\u0103 merge\u021bi online, s\u0103 g\u0103si\u021bi un site web care ofer\u0103 astfel de lucruri \u0219i apoi s\u0103 completa\u021bi cererea. Ve\u021bi fi aprobat \u0219i ve\u021bi putea \u00eenchiria un vehicul.<\/p>\n<p>Dup\u0103 ce a\u021bi \u00eenchiriat o ma\u0219in\u0103, pute\u021bi face orice dori\u021bi cu ea. Exist\u0103 o mul\u021bime de evenimente \u00een tot ora\u0219ul la care vegani \u0219i vegetarieni pot participa. Dac\u0103 participa\u021bi la o conferin\u021b\u0103 sau eveniment pentru programul Vegani pentru un mediu curat, pute\u021bi \u00eenchiria o ma\u0219in\u0103. Cu c\u00e2t sunt mai populare \u0219i mediatizate aceste conferin\u021be \u0219i evenimente, cu at\u00e2t este mai probabil ca cineva s\u0103 aib\u0103 nevoie de un hotel \u00een Las Vegas. Exist\u0103, de asemenea, o mul\u021bime de excursii \u0219i excursii care au loc \u00een jurul ora\u0219ului. De obicei, pute\u021bi g\u0103si hotelul din Las Vegas care v\u0103 va duce \u00een diferite zone ale ora\u0219ului, astfel \u00eenc\u00e2t s\u0103 pute\u021bi vedea o varietate de lucruri.<\/p>\n<p>O modalitate prin care pute\u021bi economisi bani la hotelul dvs. din Las Vegas este s\u0103 \u00eencerca\u021bi s\u0103 negocia\u021bi pre\u021bul \u00een avans. De aceea este o idee bun\u0103 s\u0103 vorbi\u021bi cu un reprezentant al companiei pe care o utiliza\u021bi. V\u0103 pot spune dac\u0103 exist\u0103 op\u021biuni mai ieftine pe care le au \u0219i v\u0103 pot ajuta s\u0103 lua\u021bi o decizie. Nu uita\u021bi s\u0103 aduce\u021bi c\u00e2t mai multe forme de identificare, deoarece cu c\u00e2t le oferi\u021bi mai multe informa\u021bii, cu at\u00e2t le va fi mai u\u0219or s\u0103 verifice totul. Uneori, persoanele care merg la o conferin\u021b\u0103 sau eveniment cu o dimensiune de c\u00e2teva sute de persoane vor ajunge s\u0103 pl\u0103teasc\u0103 un depozit extra mare pentru a ob\u021bine un hotel \u00een Las Vegas. Deoarece a devenit at\u00e2t de popular, probabil v\u0103 pute\u021bi a\u0219tepta s\u0103 vede\u021bi o mul\u021bime de oameni conduc\u00e2nd \u00een aceste vehicule.<\/p>\n<p>Exist\u0103, de asemenea, c\u00e2teva nop\u021bi de cazinouri vegane \u00een ora\u0219. Dac\u0103 e\u0219ti vegan \u0219i \u0219tii s\u0103 joci sloturi, \u00ee\u021bi recomand\u0103m s\u0103 verifici una dintre aceste nop\u021bi. Singurul mod \u00een care ve\u021bi \u0219ti cu siguran\u021b\u0103 dac\u0103 exist\u0103 nop\u021bi de cazinou vegan \u00eentr-un anumit cazinou este s\u0103 cere\u021bi s\u0103 veni\u021bi acolo \u0219i s\u0103 verifica\u021bi singur. De cele mai multe ori ve\u021bi putea g\u0103si informa\u021bii online. Nu uita\u021bi s\u0103 aduce\u021bi c\u00e2t mai multe informa\u021bii cu dvs., astfel \u00eenc\u00e2t s\u0103 nu v\u0103 pierde\u021bi timpul a\u0219tept\u00e2nd confirmarea. Fi\u021bi preg\u0103tit s\u0103 furniza\u021bi o mul\u021bime de informa\u021bii personale, deoarece de cele mai multe ori cazinoul v\u0103 va cere.<\/p>\n<h2>Proces<\/h2>\n<h2>\nAm f\u0103cut pentru tine <br \/>\nCu dragoste<\/h2>\n<h2>\nOrganic<\/h2>\n<h2>\nCONTACTEAZ\u0102-NE<\/h2>\n<h2>\nOb\u021bine\u021bi sfaturi gratuite pentru agricultura ecologic\u0103<br \/>\nchiar acum<\/h2>\n<p>Vino \u0219i vizit\u0103-ne c\u00e2ndva, vom sta \u0219i ne vom bucura de o cafea organic\u0103!<\/p>\n<figure><img decoding=\"async\" src=\"https:\/\/wordpress-1406636-5228436.cloudwaysapps.com\/wp-content\/uploads\/2020\/11\/phone-icon.png\" title=\"\" alt=\"\" loading=\"lazy\" \/><\/figure>\n<p>+40(21)2124909<br \/>\n\t\t\t\t\t\t\t\t\t\t\t\t\t\t\t<img loading=\"lazy\" decoding=\"async\" width=\"42\" height=\"515\" src=\"https:\/\/eisberg-romania.ro\/wp-content\/uploads\/2020\/11\/green-strip.jpg\" alt=\"\" \/>\t\t\t\t\t\t\t\t\t\t\t\t\t\t\t<\/p>\n<h2>GMO<\/h2>\n<h2>\n\u00cen\u021belegerea <br \/>OMG-urilor<\/h2>\n<p>\t\t\t\t\t\t\tOMG-urile au fost legate de cre\u0219terea alergenilor alimentari \u0219i a problemelor gastro-intestinale la om. \u00cen timp ce mul\u021bi oameni cred c\u0103 modificarea ADN-ului unei plante sau animale poate cre\u0219te riscul de cancer, cercetarea s-a dovedit p\u00e2n\u0103 acum neconcludent\u0103.<br \/>\n\t\t\t\t\t\t\t<img decoding=\"async\" src=\"https:\/\/wordpress-1406636-5228436.cloudwaysapps.com\/wp-content\/uploads\/2020\/11\/happy-customer.png\" title=\"\" alt=\"\" loading=\"lazy\" \/><br \/>\n\t\t\t\t\t\t\t\t\t\t\t\t\t\tWorld Health Organization<br \/>\n\t\t\t\t\t\t\t\t\t\t\t\t\t\t\t\t\t\t\t\t\t\tInternational health within the United Nation<\/p>\n","protected":false},"excerpt":{"rendered":"<p>Agricultura ecologic\u0103 este Viitorul DE CE ALEGE ORGANIC? Suntem posteritatea facem viitor! Modul \u00een care alimentele tale sunt cultivate sau crescute poate avea un impact major asupra s\u0103n\u0103t\u0103\u021bii [&hellip;]<\/p>\n","protected":false},"author":3,"featured_media":0,"parent":0,"menu_order":0,"comment_status":"closed","ping_status":"closed","template":"templates\/builder-fullwidth-std.php","meta":{"footnotes":""},"class_list":["post-309","page","type-page","status-publish","hentry"],"yoast_head":"<!-- This site is optimized with the Yoast SEO plugin v27.5 - https:\/\/yoast.com\/product\/yoast-seo-wordpress\/ -->\n<title>Home - Eisberg Romania<\/title>\n<meta name=\"robots\" content=\"index, follow, max-snippet:-1, max-image-preview:large, max-video-preview:-1\" \/>\n<link rel=\"canonical\" href=\"https:\/\/eisberg-romania.ro\/\" \/>\n<meta property=\"og:locale\" content=\"ro_RO\" \/>\n<meta property=\"og:type\" content=\"article\" \/>\n<meta property=\"og:title\" content=\"Home - Eisberg Romania\" \/>\n<meta property=\"og:description\" content=\"Agricultura ecologic\u0103 este Viitorul DE CE ALEGE ORGANIC? Suntem posteritatea facem viitor! Modul \u00een care alimentele tale sunt cultivate sau crescute poate avea un impact major asupra s\u0103n\u0103t\u0103\u021bii [&hellip;]\" \/>\n<meta property=\"og:url\" content=\"https:\/\/eisberg-romania.ro\/\" \/>\n<meta property=\"og:site_name\" content=\"Eisberg Romania\" \/>\n<meta property=\"article:modified_time\" content=\"2025-03-25T12:01:33+00:00\" \/>\n<meta property=\"og:image\" content=\"https:\/\/eisberg-romania.ro\/wp-content\/uploads\/elementor\/thumbs\/carrot-2743498_640-oykyjrb8pfzy2rtudgt3koqwf3by5ev0k45pm9cgqg-r3dlr2d6ick1v6h5qzg3vc852ydw1wcj55e9skiups.jpg\" \/>\n<meta name=\"twitter:card\" content=\"summary_large_image\" \/>\n<meta name=\"twitter:label1\" content=\"Timp estimat pentru citire\" \/>\n\t<meta name=\"twitter:data1\" content=\"7 minute\" \/>\n<script type=\"application\/ld+json\" class=\"yoast-schema-graph\">{\"@context\":\"https:\\\/\\\/schema.org\",\"@graph\":[{\"@type\":\"WebPage\",\"@id\":\"https:\\\/\\\/eisberg-romania.ro\\\/\",\"url\":\"https:\\\/\\\/eisberg-romania.ro\\\/\",\"name\":\"Home - Eisberg Romania\",\"isPartOf\":{\"@id\":\"https:\\\/\\\/eisberg-romania.ro\\\/#website\"},\"primaryImageOfPage\":{\"@id\":\"https:\\\/\\\/eisberg-romania.ro\\\/#primaryimage\"},\"image\":{\"@id\":\"https:\\\/\\\/eisberg-romania.ro\\\/#primaryimage\"},\"thumbnailUrl\":\"https:\\\/\\\/eisberg-romania.ro\\\/wp-content\\\/uploads\\\/elementor\\\/thumbs\\\/carrot-2743498_640-oykyjrb8pfzy2rtudgt3koqwf3by5ev0k45pm9cgqg-r3dlr2d6ick1v6h5qzg3vc852ydw1wcj55e9skiups.jpg\",\"datePublished\":\"2020-11-18T04:51:04+00:00\",\"dateModified\":\"2025-03-25T12:01:33+00:00\",\"breadcrumb\":{\"@id\":\"https:\\\/\\\/eisberg-romania.ro\\\/#breadcrumb\"},\"inLanguage\":\"ro-RO\",\"potentialAction\":[{\"@type\":\"ReadAction\",\"target\":[\"https:\\\/\\\/eisberg-romania.ro\\\/\"]}]},{\"@type\":\"ImageObject\",\"inLanguage\":\"ro-RO\",\"@id\":\"https:\\\/\\\/eisberg-romania.ro\\\/#primaryimage\",\"url\":\"https:\\\/\\\/eisberg-romania.ro\\\/wp-content\\\/uploads\\\/elementor\\\/thumbs\\\/carrot-2743498_640-oykyjrb8pfzy2rtudgt3koqwf3by5ev0k45pm9cgqg-r3dlr2d6ick1v6h5qzg3vc852ydw1wcj55e9skiups.jpg\",\"contentUrl\":\"https:\\\/\\\/eisberg-romania.ro\\\/wp-content\\\/uploads\\\/elementor\\\/thumbs\\\/carrot-2743498_640-oykyjrb8pfzy2rtudgt3koqwf3by5ev0k45pm9cgqg-r3dlr2d6ick1v6h5qzg3vc852ydw1wcj55e9skiups.jpg\"},{\"@type\":\"BreadcrumbList\",\"@id\":\"https:\\\/\\\/eisberg-romania.ro\\\/#breadcrumb\",\"itemListElement\":[{\"@type\":\"ListItem\",\"position\":1,\"name\":\"Home\",\"item\":\"https:\\\/\\\/eisberg-romania.ro\\\/\"},{\"@type\":\"ListItem\",\"position\":2,\"name\":\"Home\"}]},{\"@type\":\"WebSite\",\"@id\":\"https:\\\/\\\/eisberg-romania.ro\\\/#website\",\"url\":\"https:\\\/\\\/eisberg-romania.ro\\\/\",\"name\":\"Eisberg Romania\",\"description\":\"Sfaturi pentru agricultura organic\u0103 \u0219i s\u0103n\u0103toas\u0103\",\"publisher\":{\"@id\":\"https:\\\/\\\/eisberg-romania.ro\\\/#organization\"},\"potentialAction\":[{\"@type\":\"SearchAction\",\"target\":{\"@type\":\"EntryPoint\",\"urlTemplate\":\"https:\\\/\\\/eisberg-romania.ro\\\/?s={search_term_string}\"},\"query-input\":{\"@type\":\"PropertyValueSpecification\",\"valueRequired\":true,\"valueName\":\"search_term_string\"}}],\"inLanguage\":\"ro-RO\"},{\"@type\":\"Organization\",\"@id\":\"https:\\\/\\\/eisberg-romania.ro\\\/#organization\",\"name\":\"Eisberg Romania\",\"url\":\"https:\\\/\\\/eisberg-romania.ro\\\/\",\"logo\":{\"@type\":\"ImageObject\",\"inLanguage\":\"ro-RO\",\"@id\":\"https:\\\/\\\/eisberg-romania.ro\\\/#\\\/schema\\\/logo\\\/image\\\/\",\"url\":\"https:\\\/\\\/eisberg-romania.ro\\\/wp-content\\\/uploads\\\/2025\\\/02\\\/cropped-eisberg-logo.png\",\"contentUrl\":\"https:\\\/\\\/eisberg-romania.ro\\\/wp-content\\\/uploads\\\/2025\\\/02\\\/cropped-eisberg-logo.png\",\"width\":200,\"height\":72,\"caption\":\"Eisberg Romania\"},\"image\":{\"@id\":\"https:\\\/\\\/eisberg-romania.ro\\\/#\\\/schema\\\/logo\\\/image\\\/\"}}]}<\/script>\n<!-- \/ Yoast SEO plugin. -->","yoast_head_json":{"title":"Home - Eisberg Romania","robots":{"index":"index","follow":"follow","max-snippet":"max-snippet:-1","max-image-preview":"max-image-preview:large","max-video-preview":"max-video-preview:-1"},"canonical":"https:\/\/eisberg-romania.ro\/","og_locale":"ro_RO","og_type":"article","og_title":"Home - Eisberg Romania","og_description":"Agricultura ecologic\u0103 este Viitorul DE CE ALEGE ORGANIC? Suntem posteritatea facem viitor! Modul \u00een care alimentele tale sunt cultivate sau crescute poate avea un impact major asupra s\u0103n\u0103t\u0103\u021bii [&hellip;]","og_url":"https:\/\/eisberg-romania.ro\/","og_site_name":"Eisberg Romania","article_modified_time":"2025-03-25T12:01:33+00:00","og_image":[{"url":"https:\/\/eisberg-romania.ro\/wp-content\/uploads\/elementor\/thumbs\/carrot-2743498_640-oykyjrb8pfzy2rtudgt3koqwf3by5ev0k45pm9cgqg-r3dlr2d6ick1v6h5qzg3vc852ydw1wcj55e9skiups.jpg","type":"","width":"","height":""}],"twitter_card":"summary_large_image","twitter_misc":{"Timp estimat pentru citire":"7 minute"},"schema":{"@context":"https:\/\/schema.org","@graph":[{"@type":"WebPage","@id":"https:\/\/eisberg-romania.ro\/","url":"https:\/\/eisberg-romania.ro\/","name":"Home - Eisberg Romania","isPartOf":{"@id":"https:\/\/eisberg-romania.ro\/#website"},"primaryImageOfPage":{"@id":"https:\/\/eisberg-romania.ro\/#primaryimage"},"image":{"@id":"https:\/\/eisberg-romania.ro\/#primaryimage"},"thumbnailUrl":"https:\/\/eisberg-romania.ro\/wp-content\/uploads\/elementor\/thumbs\/carrot-2743498_640-oykyjrb8pfzy2rtudgt3koqwf3by5ev0k45pm9cgqg-r3dlr2d6ick1v6h5qzg3vc852ydw1wcj55e9skiups.jpg","datePublished":"2020-11-18T04:51:04+00:00","dateModified":"2025-03-25T12:01:33+00:00","breadcrumb":{"@id":"https:\/\/eisberg-romania.ro\/#breadcrumb"},"inLanguage":"ro-RO","potentialAction":[{"@type":"ReadAction","target":["https:\/\/eisberg-romania.ro\/"]}]},{"@type":"ImageObject","inLanguage":"ro-RO","@id":"https:\/\/eisberg-romania.ro\/#primaryimage","url":"https:\/\/eisberg-romania.ro\/wp-content\/uploads\/elementor\/thumbs\/carrot-2743498_640-oykyjrb8pfzy2rtudgt3koqwf3by5ev0k45pm9cgqg-r3dlr2d6ick1v6h5qzg3vc852ydw1wcj55e9skiups.jpg","contentUrl":"https:\/\/eisberg-romania.ro\/wp-content\/uploads\/elementor\/thumbs\/carrot-2743498_640-oykyjrb8pfzy2rtudgt3koqwf3by5ev0k45pm9cgqg-r3dlr2d6ick1v6h5qzg3vc852ydw1wcj55e9skiups.jpg"},{"@type":"BreadcrumbList","@id":"https:\/\/eisberg-romania.ro\/#breadcrumb","itemListElement":[{"@type":"ListItem","position":1,"name":"Home","item":"https:\/\/eisberg-romania.ro\/"},{"@type":"ListItem","position":2,"name":"Home"}]},{"@type":"WebSite","@id":"https:\/\/eisberg-romania.ro\/#website","url":"https:\/\/eisberg-romania.ro\/","name":"Eisberg Romania","description":"Sfaturi pentru agricultura organic\u0103 \u0219i s\u0103n\u0103toas\u0103","publisher":{"@id":"https:\/\/eisberg-romania.ro\/#organization"},"potentialAction":[{"@type":"SearchAction","target":{"@type":"EntryPoint","urlTemplate":"https:\/\/eisberg-romania.ro\/?s={search_term_string}"},"query-input":{"@type":"PropertyValueSpecification","valueRequired":true,"valueName":"search_term_string"}}],"inLanguage":"ro-RO"},{"@type":"Organization","@id":"https:\/\/eisberg-romania.ro\/#organization","name":"Eisberg Romania","url":"https:\/\/eisberg-romania.ro\/","logo":{"@type":"ImageObject","inLanguage":"ro-RO","@id":"https:\/\/eisberg-romania.ro\/#\/schema\/logo\/image\/","url":"https:\/\/eisberg-romania.ro\/wp-content\/uploads\/2025\/02\/cropped-eisberg-logo.png","contentUrl":"https:\/\/eisberg-romania.ro\/wp-content\/uploads\/2025\/02\/cropped-eisberg-logo.png","width":200,"height":72,"caption":"Eisberg Romania"},"image":{"@id":"https:\/\/eisberg-romania.ro\/#\/schema\/logo\/image\/"}}]}},"_links":{"self":[{"href":"https:\/\/eisberg-romania.ro\/index.php?rest_route=\/wp\/v2\/pages\/309","targetHints":{"allow":["GET"]}}],"collection":[{"href":"https:\/\/eisberg-romania.ro\/index.php?rest_route=\/wp\/v2\/pages"}],"about":[{"href":"https:\/\/eisberg-romania.ro\/index.php?rest_route=\/wp\/v2\/types\/page"}],"author":[{"embeddable":true,"href":"https:\/\/eisberg-romania.ro\/index.php?rest_route=\/wp\/v2\/users\/3"}],"replies":[{"embeddable":true,"href":"https:\/\/eisberg-romania.ro\/index.php?rest_route=%2Fwp%2Fv2%2Fcomments&post=309"}],"version-history":[{"count":5,"href":"https:\/\/eisberg-romania.ro\/index.php?rest_route=\/wp\/v2\/pages\/309\/revisions"}],"predecessor-version":[{"id":333,"href":"https:\/\/eisberg-romania.ro\/index.php?rest_route=\/wp\/v2\/pages\/309\/revisions\/333"}],"wp:attachment":[{"href":"https:\/\/eisberg-romania.ro\/index.php?rest_route=%2Fwp%2Fv2%2Fmedia&parent=309"}],"curies":[{"name":"wp","href":"https:\/\/api.w.org\/{rel}","templated":true}]}}